mmon factor of y and 972?
108
Let c = -2551 - -12668. Calculate the highest common factor of c and 67.
67
Let t = -6984 + 11508. Calculate the greatest common factor of t and 312.
156
Let a(l) = -4 + 3 - 3 + 3*l + 0 - 4*l**2. Let n be a(2). Let t be (n - -13)/(6/(-4) + 1). What is the highest common divisor of 4 and t?
2
Let m(s) be the first derivative of 9*s**2/2 - 89*s + 86. Let y be m(16). Calculate the greatest common factor of y and 165.
55
Let r(z) be the first derivative of -2*z**3 - 21*z**2 + 6*z + 3. Let w be r(-7). Suppose -11*i + 20 = -w*i. Calculate the greatest common divisor of i and 6.
2
Let l be (-634638)/(-1311) + (-2)/23. What is the highest common factor of l and 44?
44
Suppose 9*l + 4547 = 533. Let s = l + 552. Calculate the greatest common factor of s and 265.
53
Let v = -382 - -896. Let j = v - 496. Calculate the greatest common divisor of 60 and j.
6
Let h = 3435 - 1419. Suppose 0 = -11*m + 20*m - h. Calculate the greatest common divisor of 28 and m.
28
Suppose 15*l + 3523 = -632. Let n be l*2/(-4) - (-8)/(-16). Calculate the highest common divisor of 92 and n.
46
Let r = 62 + -22. Suppose 59 = -t - 35. Let n = t - -104. Calculate the highest common factor of r and n.
10
Let p be 2/(-1) + -1 + 3 + 1. Let c = p + -3. Let g be 1/(c + -2) + (-365)/(-20). Calculate the highest common divisor of 12 and g.
6
Let p = 406 - 401. Suppose 0 = p*a - 119 + 14. Let v be (1 - 1 - -1)*189. Calculate the greatest common divisor of a and v.
21
Let l be -12*((-1)/(-3) + -1). Let y be 288/(-336)*14/(-3). Suppose -5*u - 20 = -4*h - 6, -2*h - y*u - 6 = 0. Calculate the greatest common divisor of l and h.
1
Suppose -206*i - 149*i + 118401 = -102409. Calculate the highest common divisor of 8 and i.
2
Suppose -13*t = -9*x + 11*x - 13718, 4*t = -x + 6859. Calculate the highest common divisor of x and 57.
19
Let l = 50 + -56. Let d be 2033/57 - (-4)/l. What is the highest common factor of 5 and d?
5
Let w be (3/2)/(9/12). Suppose -3*n = -3*z + 99, 3*z - 165 = -2*z + w*n. Let s(x) = 9*x - 167. Let o be s(21). Calculate the highest common factor of z and o.
11
Let o(d) = 7*d - 32. Let z = -34 + 41. Suppose z*g - g - 48 = 0. Let i be o(g). Calculate the greatest common divisor of i and 18.
6
Suppose 0*p + 3*p + 5*r - 27240 = 0, -2*r = p - 9081. Calculate the highest common factor of 75 and p.
75
Suppose -40*b - 5551 = -49*b + 1028. Calculate the greatest common divisor of 459 and b.
17
Suppose 265 + 239 = 7*w. Suppose -12 = w*s - 73*s. Calculate the greatest common factor of 54 and s.
6
Let y(k) = 15*k**3 - 3*k**2 + 3*k - 2. Let h be y(3). What is the greatest common divisor of 49 and h?
7
Let t be (4/(-6))/2 + (-24)/(-18). Let z be (t + -3 + 1)*-2. Let i be (26/z)/(-1 + (-2)/(-1)). Calculate the highest common factor of i and 104.
13
Let b = 10934 - 9889. What is the greatest common divisor of b and 253?
11
Let d(a) = -257*a + 3746. Let p be d(13). Calculate the highest common factor of p and 1755.
135
Let b(l) = 20*l**2 + 122*l + 1434. Let v be b(-12). Calculate the highest common factor of 5 and v.
5
Let t be 2*(-27)/(-6) + 1. Let a be -10*((-18)/45)/(8/t). Suppose -a*j + 405 = -5*s - 70, -91 = -j + 5*s. What is the highest common factor of 12 and j?
12
Let j(w) = 2910*w**2 - 21*w + 16. Let t be j(1). Calculate the greatest common divisor of t and 175.
35
Let y be (-1 + -2)*28/2. Let g = 42 + y. Let u(i) = -2*i**2 + i + 10. Let v be u(g). What is the greatest common divisor of 10 and v?
10
Suppose -4500*o + 22200 = -4488*o. What is the highest common divisor of o and 333?
37
Suppose 2*w - 4*w - u = -16, 5*u = -3*w + 17. Suppose -12 + 66 = w*v. Suppose -v*q = -33 - 57. Calculate the highest common factor of q and 6.
3
Let z = -26 + 57. Suppose -y + w = -z, 8*y - 4*y - 122 = 5*w. Calculate the greatest common factor of 264 and y.
33
Suppose 0 = 7*y - 3*y + 8, 4*y = -2*m + 202. Suppose 6*t = -52 + 124. Let h(s) = 2*s - 9. Let v be h(t). What is the greatest common factor of v and m?
15
Let d(r) = -r**3 - 26*r**2 - 18*r - 77. Let z be d(-26). Let n(t) = -7*t + 114. Let g be n(13). Calculate the highest common divisor of g and z.
23
Suppose -5*a - 410 = -5*m, -m + 123 = -4*a + 29. Suppose 0*q - m = -3*q. Calculate the greatest common factor of q and 247.
13
Let d = -4878 - -5526. What is the highest common divisor of 891 and d?
81
Suppose 3*p = 5*q + 195, -5*p - 1068*q + 1071*q + 341 = 0. Calculate the highest common divisor of p and 63.
7
Let t(f) = 8*f + 26 - 3*f + 9*f + f**2 - f. Let j be t(-14). Suppose 159 + 21 = 3*o. What is the greatest common divisor of o and j?
20
Let s = -4071 - -4106. Calculate the highest common divisor of s and 2555.
35
Suppose -66*j + 1935 = -63*j. Suppose -20*u + j = -315. Calculate the greatest common factor of u and 3.
3
Let f be ((-2)/1 - 55/(-30)) + (-431037)/(-54). Calculate the highest common factor of 26 and f.
26
Let c be 11/(627/76) + 1234/6. What is the highest common divisor of c and 16146?
207
Let y = 5 - -1. Let l(j) = 4*j - 8. Let g be l(y). Let i(f) = 21*f**2 + 210*f + 4. Let k be i(-10). Calculate the highest common factor of k and g.
4
Let o(k) = 47*k - 2075. Let z be o(69). What is the greatest common divisor of 16 and z?
16
Let r = -825 + 825. Suppose r = -3*t + 64 + 719. Calculate the greatest common divisor of 9 and t.
9
Let a be 9/((50/(-45))/10*-3). Let o = 134 + -62. Calculate the highest common divisor of a and o.
9
Let d be 632 - (2*-1 - (65 + -74)). Calculate the greatest common factor of d and 75.
25
Let x(z) = z**3 - 4*z**2 - 22*z + 15. Let a be x(7). Suppose -a*r + 2*r = -84. Calculate the highest common factor of r and 504.
14
Suppose -459*k - 497*k = -117*k + 194*k - 3099. Let t be (-4)/14 - 64/(-28). Let g = t + 10. What is the greatest common factor of k and g?
3
Let m(v) = 2*v**2 - 4 - 16*v + 2 - 8. Suppose 11*x + 2271 = 2370. Let f be m(x). Calculate the highest common divisor of 72 and f.
8
Let q(t) = t**3 - 27*t**2 - 436*t - 60. Let s be q(40). What is the highest common divisor of 700 and s?
100
Let q = -94 - -157. Suppose 5*o + 2*f = 3*f + 24, 4 = o - f. Suppose -o*y + 48 - 3 = 0. What is the greatest common factor of q and y?
9
Suppose 0 = 5*x - 15 - 150. Let a be 4/22 + (-124)/(-44). Suppose -a*r + 236 = 2*v - 257, -5*r + 2*v = -827. Calculate the greatest common factor of r and x.
33
Suppose 4*x = -3*a + 165324, 7*x - 266405 + 45973 = -4*a. What is the greatest common divisor of 92 and a?
92
Let u be 1/(2/(-36)*-6). Suppose -3*k - 3*o + 84 = -6*o, u*o - 124 = -5*k. Calculate the highest common divisor of k and 143.
13
Let o = 105 - 297. Let l be o/80*(-45)/12. Calculate the highest common divisor of l and 243.
9
Let y = -8 + 15. Let w(b) = b**3 - 8*b**2 + 7*b - 6. Let v be w(y). Let h be 1*v/4*(4 - 12). Calculate the highest common divisor of h and 132.
12
Suppose 2*c = -0*c. Suppose z - 132 + 52 = c. Calculate the highest common divisor of z and 40.
40
Let j be (1512/(-9))/(-24) + 653*1. Suppose -50 = -2*t - 2*a, -2*a = -7 - 3. What is the greatest common factor of t and j?
20
Suppose 0 = 5*b + 6*b - 5478. Suppose -9*r + b = 48. What is the highest common factor of r and 350?
50
Let r be 0*(-2)/6 + 24. Suppose 0*t = 5*t - 160. Suppose 8*h - 6*h - t = 0. What is the highest common factor of h and r?
8
Suppose -2*i = 45 - 613. Let m = -159 + i. What is the greatest common factor of m and 10?
5
Let w = -7102 - -7770. What is the greatest common factor of 16 and w?
4
Let c = 314 + -124. Let q be 22/(-24)*-10 + 31/(-186). Let k be (76/q)/(8/36*1). What is the greatest common divisor of c and k?
38
Suppose -2*t + 396 = -4*o, -4*o + 278 - 1292 = -5*t. Let x = 244 - t. What is the highest common factor of x and 266?
38
Let o(n) = 25*n + 1109. Let r be o(-35). What is the greatest common factor of 104 and r?
26
Suppose -3*u = 5*f - 409, -49*u + 46*u + 9 = 0. What is the greatest common divisor of f and 48?
16
Let l be ((-3)/9)/(-3*1/9) - -188. Calculate the highest common factor of l and 1449.
63
Let h(t) = -18*t + 24. Let i be h(-2). Let d = i + -48. Calculate the greatest common factor of d and 16.
4
Let l(r) = -r**3 + 15*r**2 - 23*r + 45. Let w be l(7). What is the greatest common divisor of 156 and w?
12
Let c be 4760/(-35)*(-135)/18. What is the highest common divisor of c a